5 (base 10) to base 15.
11d2a
What is -571 (base 14) in base 15?
-4be
What is 3301223 (base 4) in base 6?
155335
What is 264b (base 12) in base 3?
20000012
Convert -2130 (base 6) to base 3.
-200000
What is 25027 (base 9) in base 16?
4198
Convert 1011111 (base 2) to base 4.
1133
What is 471 (base 8) in base 9?
377
-22766 (base 9) to base 7
-62223
-103302 (base 5) to base 11
-2762
What is -10103 (base 4) in base 5?
-2100
What is 10002202 (base 3) in base 7?
6410
Convert 1865 (base 14) to base 12.
2669
Convert 1061 (base 16) to base 6.
31225
479 (base 10) to base 9
582
11161 (base 9) to base 10
7426
What is 101002 (base 4) in base 8?
2102
Convert 33023 (base 8) to base 11.
a445
-43334 (base 5) to base 2
-101110011001
Convert 3759 (base 10) to base 2.
111010101111
Convert -30201 (base 4) to base 11.
-669
10011211 (base 3) to base 7
6520
Convert 3001211 (base 4) to base 9.
17885
538 (base 14) to base 6
4434
Convert 12032 (base 4) to base 6.
1502
-4732 (base 8) to base 14
-cc2
-33722 (base 10) to base 5
-2034342
What is ab79 (base 13) in base 10?
23929
Convert -111100110110101 (base 2) to base 3.
-1120201222
-75773 (base 10) to base 13
-28649
1431 (base 8) to base 7
2212
ba (base 14) to base 5
1124
-17774 (base 14) to base 12
-2a24a
What is -46 (base 16) in base 9?
-77
25eb (base 16) to base 11
7325
What is 48040 (base 9) in base 5?
2011422
6606 (base 8) to base 15
105c
What is -32a1 (base 11) in base 4?
-1003322
Convert 269 (base 14) to base 3.
122222
What is 230443 (base 5) in base 7?
33022
What is -15a (base 11) in base 10?
-186
What is 221a1 (base 11) in base 15?
9801
-44531 (base 7) to base 12
-660b
-16405 (base 11) to base 8
-55114
100110 (base 2) to base 3
1102
What is 1020 (base 7) in base 13?
216
177 (base 10) to base 3
20120
334 (base 8) to base 16
dc
-53350 (base 6) to base 2
-1110001100010
1010211 (base 4) to base 15
1479
1000 (base 5) to base 3
11122
-56315 (base 7) to base 6
-145502
What is -1254 (base 10) in base 13?
-756
2655 (base 12) to base 10
4385
-7a8 (base 15) to base 13
-a34
1d (base 14) to base 15
1c
Convert 344354 (base 6) to base 8.
71516
Convert 28513 (base 11) to base 13.
155c2
-3bb (base 13) to base 10
-661
Convert 2271 (base 8) to base 5.
14314
What is -1050 (base 15) in base 3?
-11201210
2663 (base 8) to base 15
674
Convert 1500 (base 16) to base 10.
5376
11134 (base 8) to base 11
3593
What is 5520 (base 6) in base 11?
a57
-1011011001011 (base 2) to base 10
-5835
-1b28 (base 14) to base 5
-124221
-13222212 (base 4) to base 7
-160353
What is 61172 (base 8) in base 4?
12021322
-100 (base 12) to base 5
-1034
What is -1311 (base 11) in base 15?
-78b
What is 2d14 (base 14) in base 7?
32324
Convert -10110011011001 (base 2) to base 13.
-52c2
What is 48b (base 15) in base 10?
1031
What is -1001010011011 (base 2) in base 14?
-1a43
-b46 (base 13) to base 8
-3575
4533 (base 6) to base 10
1065
Convert -123c (base 14) to base 6.
-22434
Convert -44525 (base 6) to base 16.
-1865
What is 1220110000 (base 3) in base 14?
d94b
-2506 (base 8) to base 11
-1018
What is -1482 (base 12) in base 7?
-10001
What is -42530 (base 6) in base 13?
-2853
What is -3110 (base 6) in base 9?
-846
What is 20a9 (base 11) in base 13?
135c
-111101100110 (base 2) to base 9
-5360
What is -3136 (base 14) in base 13?
-3b20
Convert -460 (base 7) to base 2.
-11101110
What is 30a (base 14) in base 11?
4a4
What is 106 (base 10) in base 13?
82
Convert -156 (base 15) to base 8.
-462
Convert 1313033 (base 4) to base 5.
221011
What is -55451 (base 8) in base 10?
-23337
-4134 (base 7) to base 14
-754
What is -3110 (base 4) in base 14?
-112
What is -110021221 (base 3) in base 14?
-33a2
-32a (base 11) to base 12
-28b
What is 111101 (base 5) in base 12?
2311
-863 (base 13) to base 11
-1093
Convert -3484 (base 9) to base 16.
-a1b
-32302 (base 5) to base 2
-100010011010
-491 (base 14) to base 8
-1617
Convert 561 (base 11) to base 13.
3c9
1740 (base 8) to base 15
462
Convert 224242 (base 5) to base 2.
1111110001000
What is -2147 (base 12) in base 8?
-7107
Convert 23310 (base 6) to base 4.
310122
Convert -2573 (base 14) to base 4.
-1212221
3022 (base 6) to base 7
1634
What is -101111 (base 3) in base 9?
-344
Convert 675 (base 10) to base 15.
300
Convert -13203 (base 5) to base 2.
-10000011101
What is -22221 (base 4) in base 8?
-1251
What is 309 (base 12) in base 2?
110111001
What is -12122331 (base 4) in base 6?
-321433
6f8 (base 16) to base 15
7de
What is 1010011001 (base 3) in base 7?
121036
What is 127 (base 15) in base 4?
10012
What is 12360 (base 8) in base 16?
14f0
Convert -2563 (base 9) to base 12.
-1140
What is 11111000010 (base 2) in base 11?
1546
What is 1010000 (base 3) in base 6?
3430
133140 (base 6) to base 14
471a
Convert -4321 (base 6) to base 16.
-3d9
Convert -10237 (base 9) to base 10.
-6757
Convert -113 (base 15) to base 13.
-159
What is 60130 (base 7) in base 8?
34214
What is -10503 (base 7) in base 4?
-221121
Convert -5d3 (base 14) to base 8.
-2215
Convert -ab2b (base 16) to base 10.
-43819
Convert -316 (base 16) to base 8.
-1426
-2111100 (base 3) to base 16
-71a
What is 199 (base 10) in base 12?
147
36a (base 11) to base 14
235
What is -291b (base 15) in base 7?
-34442
6052 (base 7) to base 16
82f
-41141 (base 8) to base 4
-10021201
Convert 20a (base 13) to base 15.
183
What is -6a6 (base 14) in base 9?
-1728
What is -394 (base 11) in base 8?
-722
2141 (base 5) to base 15
14b
What is 13a (base 14) in base 5?
1443
-399 (base 10) to base 11
-333
What is 100011111 (base 2) in base 6?
1155
Convert 872 (base 9) to base 13.
42b
-4c75 (base 13) to base 5
-322122
Convert -2477 (base 11) to base 16.
-c9e
b310 (base 14) to base 9
46206
-120110 (base 3) to base 15
-1cc
14716 (base 9) to base 5
310214
Convert -166 (base 8) to base 15.
-7d
-89ba (base 15) to base 7
-151063
Convert -640 (base 7) to base 11.
-273
What is 23071 (base 12) in base 14?
13069
Convert -450 (base 7) to base 14.
-127
Convert 111000222 (base 3) to base 2.
10010100011111
Convert 2033 (base 4) to base 15.
98
What is -1347 (base 9) in base 14?
-527
-4844 (base 9) to base 16
-e14
Convert -169 (base 15) to base 12.
-230
2121011 (base 3) to base 9
2534
Convert -5a0a (base 14) to base 16.
-3d4a
What is e8 (base 15) in base 3?
22002
What is -1452 (base 7) in base 13?
-354
Convert 3157 (base 12) to base 2.
1010100010011
What is -2324203 (base 5) in base 13?
-16409
-2803 (base 10) to base 12
-1757
-484 (base 10) to base 3
-122221
Convert 114042 (base 7) to base 5.
1124420
What is -1c69 (base 16) in base 14?
-2917
2444 (base 6) to base 8
1134
-1848 (base 15) to base 4
-1101323
What is -4140 (base 5) in base 8?
-1041
4144114 (base 5) to base 4
100300303
-74 (base 9) to base 6
-151
What is 3300 (base 4) in base 15?
110
What is -40 (base 11) in base 10?
-44
What is -1110011 (base 2) in base 12?
-97
5355 (base 13) to base 11
8761
What is -563 (base 13) in base 16?
-39e
2a7a (base 12) to base 14
1b66
What is 10010111100101 (base 2) in base 12?
5745
What is -18947 (base 10) in base 2?
-100101000000011
295d (base 14) to base 3
101001200
What is -335502 (base 6) in base 13?
-cc68
Convert 23 (base 16) to base 9.
38
334305 (base 6) to base 9
42605
Convert 7372 (base 8) to base 12.
2276
What is 11120210 (base 3) in base 6?
23250
What is -11100101011111 (base 2) in base 7?
-60551
Convert 325b (base 14) to base 2.
10001000000001
24345 (base 6) to base 8
7011
What is -9572 (base 10) in base 2?
-10010101100100
Convert 205445 (base 7) to base 5.
2114213
-7167 (base 10) to base 14
-287d
Convert 2045 (base 11) to base 16.
a97
b12 (base 12) to base 16
63e
Convert -4961 (base 11) to base 14.
-250c
What is 20012110 (base 3) in base 8?
10651
What is 186b (base 16) in base 3?
22120112
What is -14790 (base 12) in base 6?
-341100
What is -215 (base 9) in base 16?
-b0
What is 2122 (base 3) in base 12?
5b
Convert 11021221 (base 3) to base 4.
300322
21134 (base 5) to base 9
1846
-236 (base 11) to base 13
-188
Convert -200220221 (base 3) to base 9.
-20827
What is -5203 (base 7) in base 6?
-12224
110110101011 (base 2) to base 5
102444
Convert -102233 (base 4) to base 3.
-1122102
Convert 34 (base 8) to base 2.
11100
210202 (base 3) to base 5
4322
-682 (base 16) to base 11
-1285
What is -227 (base 13) in base 10?
-371
1001111001110010 